6831047623 prime?
False
Is 77687043223 prime?
True
Is 715061041 a composite number?
True
Is 19706265545 prime?
False
Is 5028147991 prime?
True
Is 248292347 prime?
True
Is 196592021 composite?
False
Is 570950167 a prime number?
False
Is 237964049 a prime number?
False
Is 1652091062 prime?
False
Is 5066619771 a composite number?
True
Is 7706694427 prime?
True
Is 7886215907 composite?
True
Is 10706658197 composite?
True
Is 508023899 a prime number?
True
Is 27294854933 a prime number?
True
Is 105153529219 a prime number?
False
Is 1630488763 a composite number?
False
Is 2244323297 composite?
False
Is 13680439 a composite number?
False
Is 6832254283 prime?
False
Is 117088179739 a composite number?
False
Is 234822271 prime?
True
Is 5079872227 composite?
False
Is 652614307 prime?
False
Is 129349843 a composite number?
True
Is 10621216351 composite?
False
Is 7530192097 composite?
False
Is 1625698043 composite?
True
Is 625841987 a composite number?
False
Is 5662453579 a prime number?
True
Is 460593013 composite?
False
Is 223128541 a composite number?
True
Is 4288353697 prime?
True
Is 201301921 composite?
False
Is 16567966343 a prime number?
False
Is 14957742593 composite?
False
Is 301954497011 a composite number?
False
Is 36214348487 prime?
False
Is 830691821 prime?
False
Is 108566101814 a prime number?
False
Is 2118745502 a composite number?
True
Is 2941373359 a prime number?
False
Is 7599242479 a composite number?
False
Is 381148765 composite?
True
Is 9446152549 composite?
False
Is 1444676199 composite?
True
Is 5838062521 a composite number?
False
Is 54913972523 a prime number?
False
Is 261906143 composite?
False
Is 299486091 composite?
True
Is 17511503 a composite number?
True
Is 610744391 prime?
True
Is 18332941507 prime?
True
Is 687843319 a composite number?
True
Is 21655631567 a prime number?
False
Is 1345811797 a composite number?
True
Is 5631333569 a composite number?
True
Is 227226431 a prime number?
False
Is 606822661 prime?
False
Is 92595366581 prime?
True
Is 1413044543 prime?
False
Is 12765842497 a prime number?
False
Is 5533863961 prime?
False
Is 409331987 prime?
False
Is 38702581 a composite number?
False
Is 5079466463 composite?
False
Is 17870728861 a composite number?
True
Is 552017189 a prime number?
True
Is 206059499 prime?
False
Is 471680597 a composite number?
False
Is 2049184493 a composite number?
True
Is 66736979249 a prime number?
True
Is 9577865839 a composite number?
False
Is 189794117 a prime number?
False
Is 5386907 prime?
False
Is 66496973 prime?
False
Is 1046695103 a composite number?
False
Is 47603342567 a composite number?
True
Is 74005696519 composite?
False
Is 731761309 a prime number?
True
Is 174570708633 prime?
False
Is 38076226579 a prime number?
True
Is 36988923659 prime?
True
Is 156370979 composite?
True
Is 6716884453 a composite number?
False
Is 14183451599 prime?
True
Is 85361783131 composite?
False
Is 2940830371 composite?
True
Is 2782980379 prime?
True
Is 6137590709 a composite number?
False
Is 8899760593 prime?
False
Is 838898321 composite?
False
Is 1070972281 a composite number?
False
Is 849907349 composite?
False
Is 843817057 a composite number?
False
Is 1468764697 prime?
False
Is 256870811 composite?
True
Is 47913108367 composite?
False
Is 631506703 a prime number?
True
Is 319953929 a composite number?
True
Is 1332328047 a composite number?
True
Is 914145677 a composite number?
False
Is 9315309401 a composite number?
False
Is 7237360633 prime?
False
Is 6076348393 a prime number?
False
Is 1160320241 prime?
False
Is 4750928551 composite?
False
Is 14120736017 a composite number?
False
Is 2062670366 a prime number?
False
Is 727447291 prime?
True
Is 4074309683 a prime number?
True
Is 2556249587 a prime number?
True
Is 110644577 a prime number?
True
Is 234877859 a prime number?
True
Is 15222865381 composite?
True
Is 102470351 prime?
True
Is 54464368883 a prime number?
False
Is 4942783129 a composite number?
False
Is 6941508661 prime?
False
Is 266204669 composite?
False
Is 163387027 composite?
False
Is 2715991833 a prime number?
False
Is 77749151 a composite number?
False
Is 576946807 composite?
True
Is 12066240455 prime?
False
Is 3241702771 composite?
False
Is 21717967679 a composite number?
False
Is 56903756251 a prime number?
False
Is 621469939 a prime number?
True
Is 37703249273 a prime number?
True
Is 2566705933 a composite number?
True
Is 8978827499 composite?
False
Is 1341528431 composite?
False
Is 1104112313 a composite number?
False
Is 20181471757 a composite number?
True
Is 58256859119 prime?
False
Is 218762893 composite?
False
Is 545027591 composite?
False
Is 1470925559 prime?
False
Is 212945417297 prime?
True
Is 36233187629 a composite number?
False
Is 3281400599 composite?
False
Is 600358501 composite?
False
Is 381002411 a prime number?
True
Is 1809434839 a composite number?
False
Is 20158469783 a composite number?
True
Is 1395653941 composite?
True
Is 159627431 composite?
False
Is 98204269 a prime number?
True
Is 1415026829 a prime number?
True
Is 2498022899 a composite number?
True
Is 262508700791 a prime number?
False
Is 2461675253 a prime number?
True
Is 4270663427 a composite number?
False
Is 18430135433 a composite number?
False
Is 477749045379 a composite number?
True
Is 7483826177 composite?
False
Is 2252045689 a prime number?
False
Is 172594679 a prime number?
False
Is 44742016945 a composite number?
True
Is 1269065557 a composite number?
False
Is 5760548533 a composite number?
False
Is 1117702501 prime?
True
Is 19906121659 a prime number?
False
Is 5288427803 composite?
False
Is 3169402513 a prime number?
True
Is 6815052085 a prime number?
False
Is 312311071 a prime number?
True
Is 28243697 composite?
True
Is 597043259 a prime number?
True
Is 71695213307 prime?
True
Is 30770730553 a prime number?
True
Is 143754347333 composite?
True
Is 22527053183 prime?
True
Is 4502595187 composite?
True
Is 53255204773 a prime number?
False
Is 720069047 composite?
True
Is 455192863 a prime number?
False
Is 66212369537 prime?
False
Is 936511183 prime?
True
Is 1120223906 a prime number?
False
Is 155988761 prime?
True
Is 4148040331 composite?
True
Is 64646383 a composite number?
True
Is 427692228383 a composite number?
True
Is 2991897367 prime?
False
Is 16587377797 a composite number?
True
Is 7072519403 prime?
False
Is 16311657101 composite?
False
Is 5011043365 a prime number?
False
Is 12077183353 composite?
False
Is 1321279721 a prime number?
True
Is 1901109743 prime?
False
Is 16769561503 a prime number?
True
Is 10634873615 composite?
True
Is 4766427091 a prime number?
False
Is 2302007629 composite?
True
Is 58929634189 a composite number?
False
Is 1159209341 composite?
False
Is 71551242442 a composite number?
True
Is 61965065191 a composite number?
True
Is 468220003 composite?
False
Is 41041189823 prime?
False
Is 718094813 prime?
True
Is 3314083433 composite?
True
Is 9349928057 a prime number?
True
Is 10933769981 a composite number?
False
Is 21950139853 prime?
True
Is 39914294657 prime?
True
Is 936868355 composite?
True
Is 38757492791 a composite number?
False
Is 7926071753 a composite number?
False
Is 1247988505 a prime number?
False
Is 4635058793 composite?
True
Is 10458548489 prime?
True
Is 11053246639 prime?
True
Is 5306909 a composite number?
True
Is 50396969969 prime?
True
Is 106322681 a prime number?
False
Is 2439882919 prime?
True
Is 37906202759 a composite number?
False
Is 5071748443 a prime number?
True
Is 9448921429 a prime number?
True
Is 738027911 a prime number?
False
Is 19266759419 composite?
False
Is 1005047209 a composite number?
True
Is 5752285249 a prime number?
False
Is 1001599937 prime?
False
Is 211557937 a composite number?
False
Is 712919029 prime?
False
Is 3470021627 a prime number?
True
Is 85997638109 a composite number?
False
Is 28272427871 a prime number?
True
Is 194921401393 composite?
False
Is 107245319 a composite number?
False
Is 22818778733 prime?
True
Is 815164877 prime?
True
Is 5523720227 a prime number?
False
Is 137145849371 composite?
False
Is 9053570039 prime?
True
Is 4558719427 a prime number?
True
Is 787528751 prime?
True
Is 2846936069 a prime number?
True
Is 5288740673 composite?
False
Is 3808585481 a prime number?
True
Is 444872639 a prime number?
False
Is 68034581